u) = -122*u**3 + 15*u**2 + 5*u - 9. Determine t(-1).
123
Let z(m) = 2*m**3 - 95*m**2 + 49*m - 169. Give z(47).
-75
Let s(q) = -2*q**3 + 40*q**2 - 192*q + 5. Determine s(8).
5
Let j(v) = 3*v**3 + 36*v**2 - 39*v - 1. Calculate j(-13).
-1
Let g(y) = 2*y**2 + 58*y - 194. Give g(-32).
-2
Let n(w) = w**3 + 46*w**2 + 297*w - 274. Give n(-38).
-8
Let m(n) = 215*n**2 - 1402*n + 13. What is m(6)?
-659
Let q(v) = -128*v - 214. Determine q(-2).
42
Let v(c) = 3*c**3 + 6*c**2 - 22*c + 10. What is v(-4)?
2
Let i(u) = -141*u + 1987. Determine i(14).
13
Let k(u) = -4*u**2 - 104*u - 786. Determine k(-8).
-210
Let v(l) = -l**2 - 11*l - 77. What is v(-10)?
-67
Let q(a) = 11*a**3 + 55*a**2 - 2*a - 5. Determine q(-5).
5
Let x(i) = -i**3 - 57*i**2 + 378*i - 153. Calculate x(-63).
-153
Let m(b) = -b**3 - b**2 + 89*b + 48. Calculate m(-11).
279
Let s(o) = -o**2 - 68*o + 4331. What is s(-108)?
11
Let y(u) = 2*u**3 + 266*u**2 + 521*u - 369. Calculate y(-131).
24
Let b(d) = d**2 - 42*d - 140. Determine b(-3).
-5
Let n(b) = 142*b + 4201. Calculate n(-29).
83
Let x(c) = -c**3 + c**2 + 5*c + 36. Give x(-7).
393
Let x(r) = -1571*r - 14136. Determine x(-9).
3
Let m(g) = 30*g + 329. Give m(-10).
29
Let u(p) = p**3 - 19*p**2 + 7*p + 58. Determine u(18).
-140
Let z(o) = -800*o - 8013. Determine z(-10).
-13
Let v(q) = -1346*q - 199213. Give v(-148).
-5
Let w(h) = -2*h**2 - 36*h + 9. Give w(0).
9
Let n(v) = 4*v**2 - v - 87. Calculate n(6).
51
Let q(r) = -r**2 + 80*r - 431. Give q(74).
13
Let s(i) = 2*i**3 - 109*i**2 + 58*i - 181. What is s(54)?
35
Let v(k) = 2*k**3 - 3*k**2 + 23*k + 8. Determine v(4).
180
Let a(b) = -3*b**2 + 38*b + 18. What is a(17)?
-203
Let y(n) = -n**3 + 26*n**2 - 14*n - 11. What is y(1)?
0
Let m(o) = 4*o**2 + 56*o + 1. Give m(-13).
-51
Let u(j) = -j**3 + 6*j**2 + 91*j - 40. Calculate u(13).
-40
Let t(l) = 4*l**2 - 287*l + 5126. Give t(34).
-8
Let l(o) = -2*o**2 + 13*o - 81. Give l(9).
-126
Let q(o) = -82*o - 537. What is q(-7)?
37
Let w(g) = 400*g**2 + 2800*g + 7. What is w(-7)?
7
Let p(w) = -91*w**2 + 224*w + 1. Give p(3).
-146
Let u(z) = -z**2 - 40*z. What is u(-40)?
0
Let f(b) = -3*b**2 - 12*b + 47. What is f(-12)?
-241
Let f(a) = 42*a + 355. Calculate f(-8).
19
Let i(s) = -s**3 + 26*s**2 + 39*s - 77. What is i(27)?
247
Let o(n) = n**3 - 2*n**2 - 2*n + 203. What is o(0)?
203
Let x(u) = 31*u + 498. Calculate x(-15).
33
Let h(o) = -2*o + 325. What is h(86)?
153
Let j(h) = -994*h - 986. Give j(-1).
8
Let k(i) = i**3 + 2*i**2 - i - 30. Give k(0).
-30
Let a(c) = -c**3 - 24*c**2 - c - 706. What is a(-24)?
-682
Let c(d) = -101*d**2 + 406*d + 2. Calculate c(4).
10
Let j(m) = m**3 + 28*m**2 - 38*m - 7. Give j(-29).
254
Let p(u) = -u**2 + 90*u - 1734. Determine p(27).
-33
Let d(i) = -7571*i + 45407. Give d(6).
-19
Let k(z) = -z**3 + 31*z**2 - 77*z + 1221. Give k(30).
-189
Let s(u) = -u**3 + 5*u**2 + 10*u + 16. Give s(-6).
352
Let k(b) = 11*b + 680. Give k(-61).
9
Let o(r) = 33*r - 557. Calculate o(17).
4
Let o(a) = a**3 + 8*a**2 - 42*a - 290. Give o(-9).
7
Let q(r) = r**2 - 22*r + 63. What is q(18)?
-9
Let o(a) = a**3 + 21*a**2 - 73*a - 329. What is o(-24)?
-305
Let r(i) = 8*i**2 - 152*i + 2. Determine r(19).
2
Let f(q) = -q**2 + 81*q - 1579. Calculate f(49).
-11
Let v(h) = -50*h - 6858. What is v(-137)?
-8
Let g(v) = v**2 + 57*v - 11. Determine g(-49).
-403
Let r(k) = -k**3 + 3*k**2 + 16*k - 21. What is r(-4)?
27
Let t(a) = -6*a**2 + 88*a - 248. Calculate t(4).
8
Let i(l) = 124*l + 3853. Calculate i(-31).
9
Let c(p) = 2*p**2 + 831*p + 12065. Give c(-15).
50
Let g(f) = -31*f + 1569. What is g(52)?
-43
Let f(v) = 98*v - 1279. Calculate f(13).
-5
Let j(v) = v**3 - 7*v**2 - 2*v - 32. Calculate j(9).
112
Let x(p) = -177*p - 2829. Give x(-15).
-174
Let i(g) = g**3 - 10*g**2 + 34*g - 95. What is i(7)?
-4
Let g(k) = -45*k**3 - k**2 - 8*k - 7. Determine g(-2).
365
Let i(u) = -15*u**2 + 73*u + 401. Calculate i(-6).
-577
Let i(h) = -h**3 - 6*h**2 + 423*h + 1725. Calculate i(-4).
1
Let m(a) = 44*a - 725. What is m(17)?
23
Let f(o) = -o**3 + 59*o**2 + 65*o - 311. Give f(60).
-11
Let x(f) = 257*f + 1051. Give x(-4).
23
Let r(h) = -h**3 + 52*h**2 + 283*h + 135. What is r(57)?
21
Let q(y) = 62*y**3 + 3*y + 7. Give q(-2).
-495
Let u(i) = -418*i - 1680. Determine u(-4).
-8
Let b(i) = 3*i**3 + 142*i**2 - 68*i + 1363. What is b(-48)?
19
Let v(x) = 12*x - 99. Determine v(-23).
-375
Let d(t) = 35*t + 551. Determine d(-16).
-9
Let y(o) = 11*o**3 - 242*o**2 + 3*o - 80. Calculate y(22).
-14
Let b(g) = 1774*g + 13. What is b(0)?
13
Let y(p) = p**2 + 38*p - 1475. What is y(-63)?
100
Let r(d) = -20*d**2 + 989*d - 444. Calculate r(49).
-3
Let t(k) = 2*k**2 + 140*k - 718. Give t(-75).
32
Let a(s) = 347*s + 701. Determine a(-2).
7
Let g(r) = -430*r + 79997. What is g(186)?
17
Let t(d) = -77*d + 4990. What is t(65)?
-15
Let f(q) = 16*q**2 + 2*q + 614. Give f(0).
614
Let v(j) = -j**3 - 83*j**2 - 301*j + 1180. Determine v(-79).
-5
Let l(q) = -q**3 - 30*q**2 + 26*q - 128. Give l(-31).
27
Let v(s) = 368*s + 996. What is v(-3)?
-108
Let k(o) = -o**3 - 70*o**2 - 131*o + 339. Calculate k(-68).
-1
Let h(b) = -15*b**2 - 30*b + 89. Calculate h(4).
-271
Let n(y) = -195*y + 7234. What is n(37)?
19
Let g(u) = 140*u - 310. Determine g(5).
390
Let o(k) = -10*k - 87. Determine o(-14).
53
Let b(i) = i**3 + 41*i**2 - 42*i - 33. Calculate b(-42).
-33
Let l(u) = -u**2 - 53*u - 161. Determine l(-48).
79
Let l(i) = i**3 - 10*i**2 + 83*i - 38. Calculate l(6).
316
Let m(l) = -10*l + 197. What is m(27)?
-73
Let t(g) = g**2 - 490*g + 12494. Give t(27).
-7
Let n(g) = -g**3 + 23*g**2 + 420*g - 63. What is n(-12)?
-63
Let t(n) = n**3 - 9*n**2 - 2*n + 43. Give t(8).
-37
Let l(w) = 7*w + 61. Give l(-28).
-135
Let p(w) = -3*w**2 + 268*w + 12. Give p(0).
12
Let z(x) = 2*x**2 - 190*x + 2180. Calculate z(13).
48
Let h(s) = 814*s - 25236. Determine h(31).
-2
Let d(z) = z**3 - 23*z**2 - 13*z - 92. Calculate d(24).
172
Let l(h) = 28*h**2 - 1014*h + 214. Calculate l(36).
-2
Let g(k) = 3*k**2 - 110*k - 240. What is g(-3)?
117
Let m(k) = -k**3 - 35*k**2 - 15*k - 158. Give m(-35).
367
Let c(g) = 2*g**3 + 74*g**2 - 81*g - 185. Determine c(-38).
5
Let k(o) = o**2 - 206*o - 197. Give k(-1).
10
Let j(w) = 32*w**2 - 581*w + 84. Calculate j(18).
-6
Let c(g) = 2*g**3 - 72*g**2 - 66*g - 297. Calculate c(37).
-1
Let k(n) = 5*n**2 - 11*n - 16. What is k(9)?
290
Let m(l) = 2*l**3 - 251*l**2 + 125*l + 15. Give m(125).
15
Let h(q) = -3*q**3 - 67*q**2 - 229*q + 91. Give h(-18).
1
Let b(o) = 90*o - 120. Determine b(-5).
-570
Let g(x) = x + 48. Give g(-8).
40
Let a(y) = 757*y - 749. Determine a(1).
8
Let z(g) = -288*g + 3752. Determine z(13).
8
Let s(r) = 2*r**2 - 43*r + 350. Determine s(7).
147
Let r(t) = t**3 + 6*t**2 + 18*t + 111. What is r(-5)?
46
Let n(j) = -436*j - 9149. Determine n(-21).
7
Let j(h) = -11*h**2 - 166*h + 15. Give j(-16).
-145
Let o(b) = 3*b**2 - 156*b + 1273. Give o(42).
13
Let g(p) = 91*p + 742. What is g(-6)?
196
Let r(j) = 2502*j - 5014. Give r(2).
-10
Let u(i) = -i**3 - 9*i**2 - 4*i + 38. Calculate u(-8).
6
Let v(p) = 4*p**2 - 65*p - 201. Determine v(20).
99
Let f(o) = -o**3 + 21*o**2 + 117*o + 7. Calculate f(26).
-331
Let r(k) = -345*k - 10375. What is r(-30)?
-25
Let o(w) = 9*w**2 + 12*w - 129. Calculate o(0).
-129
Let y(j) = -69*j**2 + 4*j + 4. Determine y(-1).
-69
Let a(v) = 36*v + 419. What is a(-12)?
-13
Let m(v) = 2434*v + 7289. Determine m(-3).
-13
Let c(j) = -4*j + 124. Calculate c(-21).
208
Let g(r) = r**2 + 13*r - 6. Determine g(2).
24
Let j(p) = -4*p**2 + 26*p + 963. Determine j(19).
13
Let a(q) = q**3 - 42*q**2 + q - 40. What is a(42)?
2
Let f(h) = -3*h**3 - 38*h**2 - 49*h + 40. Calculate f(-11).
-26
Let v(c) = -55*c - 220. What is v(-2)?
-110
Let g(q) = -q**3 + 199*q**2 - 581*q - 1388. Determine g(196).
-16
Let i(m) = -m**2 - 49*m - 182. Give i(-22).
412
Let i(n) = 289*n**2 - 2329*n + 139. Determine i(8).
3
Let q(p) = -2*p**3 - 55*p**2 + 90*p + 36. Determine q(-29).
-51
Let f(y) = y**3 + 7*y**2 - 126*y - 883. Give f(-7).
-1
Let p(s) = s**2 - 91*s + 11. Give p(96).
491
Let z(m) = -2*m**3 + 7*m**2 + m - 9. What is z(3)?
3
Let i(t) = t**3 + 29*t**2 - 28*t + 60. Determine i(-30).
0
Let j(a) = 68*a + 146. Determine j(1).
214
Let q(m) = 3*m**3 + 6*m**2 - 10*m + 2. Determine q(2).
30
Let q(j) = -j**3 + 169*j**2 + 53